{"id":2250,"date":"2011-09-04T21:34:27","date_gmt":"2011-09-04T21:34:27","guid":{"rendered":"http:\/\/www.primerbrief.com\/?page_id=2250"},"modified":"2012-03-08T12:01:50","modified_gmt":"2012-03-08T15:01:50","slug":"que-es-el-programa-pb-en-colegios","status":"publish","type":"page","link":"https:\/\/www.primerbrief.com\/?page_id=2250","title":{"rendered":"Qu\u00e9 es el programa PB en Colegios"},"content":{"rendered":"<p><span style=\"font-size: 11pt\"><strong>Para que los estudiantes de los \u00faltimos a\u00f1os del colegio secundario tengan la oportunidad de conocer de primera mano por qu\u00e9 la publicidad y el marketing apasionan como apasionan, PRIMER BRIEF ha acometido un programa organizado de visitas y charlas exclusivas.<\/strong><\/span><\/p>\n<p><a href=\"http:\/\/www.primerbrief.com\/wp-content\/uploads\/2011\/09\/logo-colegios-conpalabra.jpg\" onclick=\"_gaq.push(['_trackEvent', 'outbound-article-int', 'http:\/\/www.primerbrief.com\/wp-content\/uploads\/2011\/09\/logo-colegios-conpalabra.jpg', '']);\" ><img loading=\"lazy\" decoding=\"async\" src=\"http:\/\/www.primerbrief.com\/wp-content\/uploads\/2011\/09\/logo-colegios-conpalabra.jpg\" alt=\"\" title=\"logo-colegios-conpalabra\" width=\"500\" height=\"300\" class=\"aligncenter size-full wp-image-6930\" srcset=\"https:\/\/www.primerbrief.com\/wp-content\/uploads\/2011\/09\/logo-colegios-conpalabra.jpg 500w, https:\/\/www.primerbrief.com\/wp-content\/uploads\/2011\/09\/logo-colegios-conpalabra-300x180.jpg 300w\" sizes=\"auto, (max-width: 500px) 100vw, 500px\" \/><\/a><\/p>\n<p>De los ENCUENTROS PB, las ediciones del programa PB EN COLEGIOS ser\u00e1n las que probablemente m\u00e1s participantes tengan. Para entenderlo perfectamente, vamos punto por punto.<\/p>\n<p><u><strong>\u00bfQUI\u00c9NES?<\/strong><\/u> En este caso, el invitado es PRIMER BRIEF. En principio, su director Pancho Dondo; cuando la situaci\u00f3n lo amerite, invitados especiales podr\u00e1n formar parte de las visitas, y a medida que el tiempo vaya pasando, tambi\u00e9n otros integrantes del staff de PB.<\/p>\n<p><u><strong>\u00bfC\u00d3MO SUMARSE AL PROGRAMA?<\/strong><\/u> Como puede suponerse, podr\u00e1 convocar a PRIMER BRIEF a brindar una charla en sus instalaciones cualquier colegio secundario interesado: s\u00f3lo tendr\u00e1 que mandar un email a <a href=\"mailto:info@primerbrief.com\" onclick=\"_gaq.push(['_trackEvent','mailto','info@primerbrief.com']);\" >info@primerbrief.com<\/a>.<\/p>\n<p><u><strong>\u00bfEN QU\u00c9 CIUDAD?<\/strong><\/u> En este comienzo de la existencia de PRIMER BRIEF, todos los ENCUENTROS PB se concretar\u00e1n en Buenos Aires, Argentina. Que vayan agreg\u00e1ndose otras ciudades depender\u00e1 del crecimiento de la COMUNIDAD PB en la regi\u00f3n: hacemos votos para que ese paso se concrete pronto.<\/p>\n<p><u><strong>\u00bfCU\u00c1NDO?<\/strong><\/u> Cada edici\u00f3n del programa PB EN COLEGIOS se acordar\u00e1 individualmente entre PRIMER BRIEF y el colegio interesado. El primero ya est\u00e1 acordado, en un colegio de la ciudad de Buenos Aires, para el jueves 29 de septiembre de 2011; pero todas las fechas, incluso antes de ese d\u00eda, son posibles.<\/p>\n<p><u><strong>\u00bfEN QU\u00c9 CONSISTIR\u00c1 CADA ENCUENTRO?<\/strong><\/u> En un taller preparado por PRIMER BRIEF para que estudiantes de 3\u00b0, 4\u00b0 o 5\u00b0 a\u00f1os \u2014qu\u00e9 cursos asistan ser\u00e1 una decisi\u00f3n de cada colegio\u2014, concebido para que los chicos experimenten en carne propia los mecanismos que se ponen en juego y las capacidades e inclinaciones que son necesarias para trabajar profesionalmente en marketing y en publicidad.<\/p>\n<p><u><strong>\u00bfALGO M\u00c1S?<\/strong><\/u> S\u00ed: en las ediciones del programa PB EN COLEGIOS tambi\u00e9n habr\u00e1 un cronista y un fot\u00f3grafo de PRIMER BRIEF. Gracias a ellos, lo m\u00e1s jugoso de lo acontecido en el encuentro formar\u00e1 parte luego, en palabras y en im\u00e1genes, de una cr\u00f3nica que se publicar\u00e1 en este mismo portal.<\/p>\n","protected":false},"excerpt":{"rendered":"<p>Para que los estudiantes de los \u00faltimos a\u00f1os del colegio secundario tengan la oportunidad de conocer de primera mano por qu\u00e9 la publicidad y el marketing apasionan como apasionan, PRIMER BRIEF ha acometido un programa organizado de visitas y charlas exclusivas. De los ENCUENTROS PB, las ediciones del programa PB EN COLEGIOS ser\u00e1n las que probablemente m\u00e1s participantes tengan. Para [&hellip;]<\/p>\n","protected":false},"author":3,"featured_media":0,"parent":0,"menu_order":0,"comment_status":"open","ping_status":"open","template":"","meta":{"footnotes":""},"class_list":["post-2250","page","type-page","status-publish","hentry"],"_links":{"self":[{"href":"https:\/\/www.primerbrief.com\/index.php?rest_route=\/wp\/v2\/pages\/2250","targetHints":{"allow":["GET"]}}],"collection":[{"href":"https:\/\/www.primerbrief.com\/index.php?rest_route=\/wp\/v2\/pages"}],"about":[{"href":"https:\/\/www.primerbrief.com\/index.php?rest_route=\/wp\/v2\/types\/page"}],"author":[{"embeddable":true,"href":"https:\/\/www.primerbrief.com\/index.php?rest_route=\/wp\/v2\/users\/3"}],"replies":[{"embeddable":true,"href":"https:\/\/www.primerbrief.com\/index.php?rest_route=%2Fwp%2Fv2%2Fcomments&post=2250"}],"version-history":[{"count":4,"href":"https:\/\/www.primerbrief.com\/index.php?rest_route=\/wp\/v2\/pages\/2250\/revisions"}],"predecessor-version":[{"id":6929,"href":"https:\/\/www.primerbrief.com\/index.php?rest_route=\/wp\/v2\/pages\/2250\/revisions\/6929"}],"wp:attachment":[{"href":"https:\/\/www.primerbrief.com\/index.php?rest_route=%2Fwp%2Fv2%2Fmedia&parent=2250"}],"curies":[{"name":"wp","href":"https:\/\/api.w.org\/{rel}","templated":true}]}}