{"id":6951,"date":"2012-03-09T12:20:34","date_gmt":"2012-03-09T15:20:34","guid":{"rendered":"http:\/\/www.primerbrief.com\/?page_id=6951"},"modified":"2012-11-27T00:59:57","modified_gmt":"2012-11-27T03:59:57","slug":"almuerzos-pb","status":"publish","type":"page","link":"https:\/\/www.primerbrief.com\/?page_id=6951","title":{"rendered":"Almuerzos PB"},"content":{"rendered":"<p>&nbsp;<\/p>\n<h6>Hac\u00e9 clic en las im\u00e1genes para saber qu\u00e9 son los ALMUERZOS PB o para ver las notas de cada uno.<\/h6>\n<p><a href=\"http:\/\/www.primerbrief.com\/?page_id=2234\" onclick=\"_gaq.push(['_trackEvent', 'outbound-article-int', 'http:\/\/www.primerbrief.com\/?page_id=2234', '']);\" ><img loading=\"lazy\" decoding=\"async\" src=\"http:\/\/www.primerbrief.com\/wp-content\/uploads\/2012\/03\/logo-almuerzo-queson.jpg\" alt=\"\" title=\"Hac\u00e9 clic para saber qu\u00e9 son\" width=\"500\" height=\"300\" class=\"alignleft size-full wp-image-6952\" srcset=\"https:\/\/www.primerbrief.com\/wp-content\/uploads\/2012\/03\/logo-almuerzo-queson.jpg 500w, https:\/\/www.primerbrief.com\/wp-content\/uploads\/2012\/03\/logo-almuerzo-queson-300x180.jpg 300w\" sizes=\"auto, (max-width: 500px) 100vw, 500px\" \/><\/a><\/p>\n<p>&nbsp;<\/p>\n<h6>ALMUERZOS PB realizados.<\/h6>\n<p><a href=\"http:\/\/www.primerbrief.com\/?p=4792\" onclick=\"_gaq.push(['_trackEvent', 'outbound-article-int', 'http:\/\/www.primerbrief.com\/?p=4792', '']);\" ><img loading=\"lazy\" decoding=\"async\" src=\"http:\/\/www.primerbrief.com\/wp-content\/uploads\/2012\/03\/medalla-almuerzo-1.jpg\" alt=\"\" title=\"Hac\u00e9 clic para ir a la nota\" width=\"580\" height=\"250\" class=\"alignleft size-full wp-image-6953\" srcset=\"https:\/\/www.primerbrief.com\/wp-content\/uploads\/2012\/03\/medalla-almuerzo-1.jpg 580w, https:\/\/www.primerbrief.com\/wp-content\/uploads\/2012\/03\/medalla-almuerzo-1-300x129.jpg 300w\" sizes=\"auto, (max-width: 580px) 100vw, 580px\" \/><\/a><\/p>\n<p style=\"clear:left;\">\n<p><strong>ALMUERZO PB #01<\/strong><br \/>\nParticipantes:<br \/>\n<strong>Fernando Bellotti<\/strong> (presidente de Leo Burnett Argentina)<br \/>\n<strong>Carmelo Ferrante <\/strong>(director de marketing y ventas de Garbarino)<br \/>\n<strong>Mart\u00edn Graziano<\/strong> (estudiante de direcci\u00f3n de arte en el Instituto Superior de Publicidad &#8211; AAP)<br \/>\n<strong>Bel\u00e9n Curcio<\/strong> (estudiante de Marketing en la Universidad Argentina de la Empresa &#8211; UADE)<\/p>\n<p>&nbsp;<br \/>\n<a href=\"http:\/\/www.primerbrief.com\/?p=5234\" onclick=\"_gaq.push(['_trackEvent', 'outbound-article-int', 'http:\/\/www.primerbrief.com\/?p=5234', '']);\" ><img loading=\"lazy\" decoding=\"async\" src=\"http:\/\/www.primerbrief.com\/wp-content\/uploads\/2012\/03\/medalla-almuerzo-2.jpg\" alt=\"\" title=\"Hac\u00e9 clic para ir a la nota\" width=\"580\" height=\"250\" class=\"alignleft size-full wp-image-6954\" srcset=\"https:\/\/www.primerbrief.com\/wp-content\/uploads\/2012\/03\/medalla-almuerzo-2.jpg 580w, https:\/\/www.primerbrief.com\/wp-content\/uploads\/2012\/03\/medalla-almuerzo-2-300x129.jpg 300w\" sizes=\"auto, (max-width: 580px) 100vw, 580px\" \/><\/a><br \/>\n&nbsp;<br \/>\n<strong>ALMUERZO PB #02<\/strong><br \/>\nParticipantes:<br \/>\n<strong>Carlos Bayala<\/strong> (presidente de Madre Buenos Aires)<br \/>\n<strong>Ana Gazc\u00f3n Ar\u00e1oz<\/strong> (gerenta de publicidad de Banco Hipotecario)<br \/>\n<strong>Edgar Bringas Reyna<\/strong> (estudiante de marketing en la UADE)<br \/>\n<strong>Agust\u00edn D\u00edaz<\/strong> (estudiante de direcci\u00f3n de arte en el Instituto Superior de Publicidad &#8211; AAP)<\/p>\n<p>&nbsp;<br \/>\n<a href=\"http:\/\/www.primerbrief.com\/?p=10258\" onclick=\"_gaq.push(['_trackEvent', 'outbound-article-int', 'http:\/\/www.primerbrief.com\/?p=10258', '']);\" ><img loading=\"lazy\" decoding=\"async\" src=\"http:\/\/www.primerbrief.com\/wp-content\/uploads\/2012\/03\/medalla-almuerzo-3.jpg\" alt=\"\" title=\"Hac\u00e9 clic para ir a la nota\" width=\"580\" height=\"250\" class=\"alignleft size-full wp-image-10299\" srcset=\"https:\/\/www.primerbrief.com\/wp-content\/uploads\/2012\/03\/medalla-almuerzo-3.jpg 580w, https:\/\/www.primerbrief.com\/wp-content\/uploads\/2012\/03\/medalla-almuerzo-3-300x129.jpg 300w\" sizes=\"auto, (max-width: 580px) 100vw, 580px\" \/><\/a><br \/>\n&nbsp;<br \/>\n<strong>ALMUERZO PB #03<\/strong><br \/>\nParticipantes:<br \/>\n<strong>Mart\u00edn Mercado<\/strong> (director general creativo de Young &#038; Rubicam Buenos Aires)<br \/>\n<strong>Fernanda Medina<\/strong> (gerenta de publicidad de Banco Galicia)<br \/>\n<strong>Maxi Mart\u00ednez<\/strong> (estudiante de publicidad en la UADE)<br \/>\n<strong>Carolina Jim\u00e9nez<\/strong> (estudiante de seminarios en la Escuela Superior de Creativos Publicitarios)<br \/>\n<strong>Juan Portilla<\/strong> (estudiante de seminarios en la Escuela Superior de Creativos Publicitarios)<\/p>\n<p>&nbsp;<br \/>\n<a href=\"http:\/\/www.primerbrief.com\/?p=11418\" onclick=\"_gaq.push(['_trackEvent', 'outbound-article-int', 'http:\/\/www.primerbrief.com\/?p=11418', '']);\" ><img loading=\"lazy\" decoding=\"async\" src=\"http:\/\/www.primerbrief.com\/wp-content\/uploads\/2012\/03\/apb04-furia-medalla.jpg\" alt=\"\" title=\"Hac\u00e9 clic para ir a la nota\" width=\"580\" height=\"250\" class=\"alignleft size-full wp-image-15179\" srcset=\"https:\/\/www.primerbrief.com\/wp-content\/uploads\/2012\/03\/apb04-furia-medalla.jpg 580w, https:\/\/www.primerbrief.com\/wp-content\/uploads\/2012\/03\/apb04-furia-medalla-300x129.jpg 300w\" sizes=\"auto, (max-width: 580px) 100vw, 580px\" \/><\/a><br \/>\n&nbsp;<br \/>\n<strong>ALMUERZO PB #04<\/strong><br \/>\nParticipantes:<br \/>\n<strong>Guillermo Tragant<\/strong> (presidente y DGC de Furia Buenos Aires)<br \/>\n<strong>Silvia di Mario<\/strong> (gerenta de publicidad de Alpargatas)<br \/>\n<strong>Allan Pineda<\/strong> (estudiante de Brother Escuela de Creativos)<br \/>\n<strong>Erika Fonseca<\/strong> (estudiante de Brother Escuela de Creativos)<br \/>\n<strong>Octavio Alab\u00ed<\/strong> (estudiante de la Escuela Superior de Creativos Publicitarios)<\/p>\n<p>&nbsp;<br \/>\n<a href=\"http:\/\/www.primerbrief.com\/?p=15151\" onclick=\"_gaq.push(['_trackEvent', 'outbound-article-int', 'http:\/\/www.primerbrief.com\/?p=15151', '']);\" ><img loading=\"lazy\" decoding=\"async\" src=\"http:\/\/www.primerbrief.com\/wp-content\/uploads\/2012\/03\/apb05-ponce-medalla.jpg\" alt=\"\" title=\"Hac\u00e9 clic para ir a la nota\" width=\"580\" height=\"250\" class=\"alignleft size-full wp-image-15180\" srcset=\"https:\/\/www.primerbrief.com\/wp-content\/uploads\/2012\/03\/apb05-ponce-medalla.jpg 580w, https:\/\/www.primerbrief.com\/wp-content\/uploads\/2012\/03\/apb05-ponce-medalla-300x129.jpg 300w\" sizes=\"auto, (max-width: 580px) 100vw, 580px\" \/><\/a><br \/>\n&nbsp;<br \/>\n<strong>ALMUERZO PB #05<\/strong><br \/>\nParticipantes:<br \/>\n<strong>Hern\u00e1n Ponce<\/strong> (chairman de Ponce Buenos Aires)<br \/>\n<strong>Alejandro Helou<\/strong> (vicepresidente regional de desodorantes en Unilever)<br \/>\n<strong>Jos\u00e9 Escan\u00e9s<\/strong> (estudiante de la escuela de creatividad Go!, de C\u00f3rdoba)<br \/>\n<strong>Adri\u00e1n Sarchese<\/strong> (estudiante de publicidad en la UADE y de redacci\u00f3n en la Miami Ad School)<br \/>\n<strong>\u00c1lvaro Zanoni<\/strong> (alumno que curs\u00f3 en la UAI y hoy estudia en la sede pergaminense de la Universidad Nacional del Noroeste de Buenos Aires, UNNOBA)<br \/>\n<strong>Axel Urban<\/strong> (estudiante de la Asociaci\u00f3n Argentina de Publicidad)<\/p>\n<div align=\"left\">&#160;<\/div>\n<div align=\"left\">&#160;<\/div>\n","protected":false},"excerpt":{"rendered":"<p>&nbsp; Hac\u00e9 clic en las im\u00e1genes para saber qu\u00e9 son los ALMUERZOS PB o para ver las notas de cada uno. &nbsp; ALMUERZOS PB realizados. ALMUERZO PB #01 Participantes: Fernando Bellotti (presidente de Leo Burnett Argentina) Carmelo Ferrante (director de marketing y ventas de Garbarino) Mart\u00edn Graziano (estudiante de direcci\u00f3n de arte en el Instituto Superior de Publicidad &#8211; AAP) [&hellip;]<\/p>\n","protected":false},"author":1,"featured_media":0,"parent":0,"menu_order":0,"comment_status":"open","ping_status":"open","template":"","meta":{"footnotes":""},"class_list":["post-6951","page","type-page","status-publish","hentry"],"_links":{"self":[{"href":"https:\/\/www.primerbrief.com\/index.php?rest_route=\/wp\/v2\/pages\/6951","targetHints":{"allow":["GET"]}}],"collection":[{"href":"https:\/\/www.primerbrief.com\/index.php?rest_route=\/wp\/v2\/pages"}],"about":[{"href":"https:\/\/www.primerbrief.com\/index.php?rest_route=\/wp\/v2\/types\/page"}],"author":[{"embeddable":true,"href":"https:\/\/www.primerbrief.com\/index.php?rest_route=\/wp\/v2\/users\/1"}],"replies":[{"embeddable":true,"href":"https:\/\/www.primerbrief.com\/index.php?rest_route=%2Fwp%2Fv2%2Fcomments&post=6951"}],"version-history":[{"count":26,"href":"https:\/\/www.primerbrief.com\/index.php?rest_route=\/wp\/v2\/pages\/6951\/revisions"}],"predecessor-version":[{"id":15183,"href":"https:\/\/www.primerbrief.com\/index.php?rest_route=\/wp\/v2\/pages\/6951\/revisions\/15183"}],"wp:attachment":[{"href":"https:\/\/www.primerbrief.com\/index.php?rest_route=%2Fwp%2Fv2%2Fmedia&parent=6951"}],"curies":[{"name":"wp","href":"https:\/\/api.w.org\/{rel}","templated":true}]}}